der when 1942 is divided by 39.
31
What is the remainder when 207 is divided by 33?
9
Calculate the remainder when 14957 is divided by 40.
37
What is the remainder when 253 is divided by 30?
13
Calculate the remainder when 179 is divided by 86.
7
Calculate the remainder when 58 is divided by 13.
6
What is the remainder when 1040 is divided by 27?
14
What is the remainder when 121 is divided by 51?
19
What is the remainder when 537 is divided by 70?
47
What is the remainder when 438 is divided by 22?
20
Calculate the remainder when 220 is divided by 17.
16
What is the remainder when 3167 is divided by 88?
87
Calculate the remainder when 4825 is divided by 5.
0
What is the remainder when 1430 is divided by 462?
44
What is the remainder when 1806 is divided by 13?
12
What is the remainder when 84 is divided by 42?
0
Calculate the remainder when 397 is divided by 19.
17
What is the remainder when 2530 is divided by 125?
30
Calculate the remainder when 285 is divided by 41.
39
Calculate the remainder when 249 is divided by 121.
7
What is the remainder when 64 is divided by 52?
12
What is the remainder when 440 is divided by 431?
9
Calculate the remainder when 781 is divided by 260.
1
What is the remainder when 2622 is divided by 164?
162
Calculate the remainder when 164 is divided by 28.
24
Calculate the remainder when 225 is divided by 225.
0
Calculate the remainder when 3502 is divided by 31.
30
Calculate the remainder when 1016 is divided by 18.
8
Calculate the remainder when 451 is divided by 151.
149
Calculate the remainder when 176 is divided by 74.
28
What is the remainder when 106 is divided by 6?
4
Calculate the remainder when 79 is divided by 4.
3
Calculate the remainder when 1233 is divided by 12.
9
Calculate the remainder when 128 is divided by 13.
11
Calculate the remainder when 467 is divided by 16.
3
Calculate the remainder when 12045 is divided by 25.
20
What is the remainder when 6428 is divided by 165?
158
What is the remainder when 204 is divided by 16?
12
Calculate the remainder when 377 is divided by 38.
35
What is the remainder when 1792 is divided by 197?
19
What is the remainder when 5065 is divided by 15?
10
Calculate the remainder when 54 is divided by 29.
25
Calculate the remainder when 1454 is divided by 17.
9
Calculate the remainder when 121 is divided by 3.
1
What is the remainder when 213 is divided by 8?
5
What is the remainder when 57 is divided by 17?
6
What is the remainder when 1942 is divided by 87?
28
Calculate the remainder when 197 is divided by 63.
8
Calculate the remainder when 557 is divided by 30.
17
Calculate the remainder when 101 is divided by 8.
5
Calculate the remainder when 356 is divided by 20.
16
Calculate the remainder when 101 is divided by 15.
11
Calculate the remainder when 428 is divided by 418.
10
Calculate the remainder when 33 is divided by 9.
6
Calculate the remainder when 478 is divided by 93.
13
Calculate the remainder when 241 is divided by 50.
41
What is the remainder when 62 is divided by 13?
10
What is the remainder when 165 is divided by 162?
3
What is the remainder when 211 is divided by 28?
15
Calculate the remainder when 88 is divided by 11.
0
Calculate the remainder when 4885 is divided by 47.
44
Calculate the remainder when 115 is divided by 3.
1
Calculate the remainder when 7223 is divided by 85.
83
What is the remainder when 144 is divided by 76?
68
Calculate the remainder when 798 is divided by 40.
38
Calculate the remainder when 83 is divided by 30.
23
Calculate the remainder when 7595 is divided by 71.
69
What is the remainder when 229 is divided by 20?
9
Calculate the remainder when 11694 is divided by 78.
72
Calculate the remainder when 938 is divided by 52.
2
Calculate the remainder when 339 is divided by 3.
0
What is the remainder when 408 is divided by 59?
54
What is the remainder when 320 is divided by 76?
16
Calculate the remainder when 10077 is divided by 36.
33
What is the remainder when 281 is divided by 22?
17
Calculate the remainder when 35 is divided by 16.
3
Calculate the remainder when 1118 is divided by 369.
11
Calculate the remainder when 117 is divided by 11.
7
Calculate the remainder when 1231 is divided by 63.
34
What is the remainder when 120 is divided by 11?
10
Calculate the remainder when 249 is divided by 64.
57
What is the remainder when 414 is divided by 178?
58
Calculate the remainder when 120 is divided by 35.
15
What is the remainder when 669 is divided by 61?
59
Calculate the remainder when 384 is divided by 378.
6
Calculate the remainder when 53 is divided by 34.
19
What is the remainder when 47 is divided by 8?
7
What is the remainder when 321 is divided by 14?
13
Calculate the remainder when 71 is divided by 12.
11
What is the remainder when 210 is divided by 27?
21
What is the remainder when 5250 is divided by 2617?
16
Calculate the remainder when 155 is divided by 90.
65
Calculate the remainder when 904 is divided by 90.
4
Calculate the remainder when 159 is divided by 66.
27
Calculate the remainder when 245 is divided by 41.
40
Calculate the remainder when 157 is divided by 23.
19
What is the remainder when 33 is divided by 9?
6
Calculate the remainder when 2868 is divided by 29.
26
What is the remainder when 48 is divided by 13?
9
What is the remainder when 369 is divided by 7?
5
Calculate the remainder when 320 is divided by 179.
141
Calculate the remainder when 2515 is divided by 168.
163
What is the remainder when 575 is divided by 346?
229
What is the remainder when 3396 is divided by 161?
15
What is the remainder when 178 is divided by 96?
82
Calculate the remainder when 162 is divided by 49.
15
What is the remainder when 9174 is divided by 19?
16
Calculate the remainder when 94 is divided by 32.
30
What is the remainder when 8798 is divided by 88?
86
What is the remainder when 92 is divided by 35?
22
Calculate the remainder when 425 is divided by 61.
59
Calculate the remainder when 878 is divided by 14.
10
What is the remainder when 58 is divided by 24?
10
What is the remainder when 1948 is divided by 63?
58
What is the remainder when 35 is divided by 29?
6
Calculate the remainder when 139 is divided by 24.
19
Calculate the remainder when 546 is divided by 30.
6
What is the remainder when 409 is divided by 146?
117
What is the remainder when 2645 is divided by 42?
41
Calculate the remainder when 101 is divided by 55.
46
What is the remainder when 202 is divided by 56?
34
Calculate the remainder when 677 is divided by 17.
14
What is the remainder when 80122 is divided by 44?
42
What is the remainder when 342 is divided by 8?
6
What is the remainder when 488 is divided by 19?
13
What is the remainder when 348 is divided by 11?
7
What is the remainder when 860 is divided by 23?
9
What is the remainder when 477 is divided by 24?
21
Calculate the remainder when 1053 is divided by 12.
9
Calculate the remainder when 1060 is divided by 38.
34
What is the remainder when 1428 is divided by 65?
63
Calculate the remainder when 2616 is divided by 124.
12
What is the remainder when 381 is divided by 98?
87
What is the remainder when 1868 is divided by 134?
126
Calculate the remainder when 1342 is divided by 192.
190
Calculate the remainder when 117 is divided by 61.
56
What is the remainder when 9356 is divided by 58?
18
Calculate the remainder when 109 is divided by 32.
13
What is the remainder when 616 is divided by 105?
91
What is the remainder when 226 is divided by 76?
74
What is the remainder when 68 is divided by 10?
8
Calculate the remainder when 2617 is divided by 44.
21
What is the remainder when 503 is divided by 9?
8
What is the remainder when 1169 is divided by 198?
179
Calculate the remainder when 559 is divided by 184.
7
What is the remainder when 917 is divided by 22?
15
What is the remainder when 2038 is divided by 62?
54
What is the remainder when 7266 is divided by 43?
42
Calculate the remainder when 680 is divided by 335.
10
Calculate the remainder when 148 is divided by 17.
12
What is the remainder when 1775 is divided by 137?
131
Calculate the remainder when 58 is divided by 6.
4
Calculate the remainder when 2157 is divided by 60.
57
Calculate the remainder when 174 is divided by 14.
6
Calculate the remainder when 2